{"id":4663,"date":"2026-01-15T20:45:24","date_gmt":"2026-01-15T20:45:24","guid":{"rendered":"http:\/\/alzheimerplock.pl\/?page_id=4663"},"modified":"2026-01-15T21:19:13","modified_gmt":"2026-01-15T21:19:13","slug":"deklaracja-dostepnosci","status":"publish","type":"page","link":"http:\/\/alzheimerplock.pl\/?page_id=4663","title":{"rendered":"Deklaracja dost\u0119pno\u015bci"},"content":{"rendered":"\n<p>P\u0142ockie Stowarzyszenie Pomocy Osobom z Chorob\u0105 Alzheimera jako realizator zapewnia dost\u0119pno\u015b\u0107 cyfrow\u0105 informacji dotycz\u0105cych zadania publicznego poprzez stopniowe dostosowanie strony internetowej do wymog\u00f3w WCAG 2.1 oraz udost\u0119pnianie tre\u015bci w alternatywnych formach na wniosek odbiorcy.<br>W razie potrzeby odbiorca mo\u017ce skorzysta\u0107 z poczty e-mail, telefonu czy dokument\u00f3w tekstowych.<\/p>\n\n\n\n<h2 class=\"wp-block-heading\">Dzia\u0142ania podj\u0119te przez Stowarzyszenie<\/h2>\n\n\n\n<ul class=\"wp-block-list\">\n<li>strona zgodna z WCAG 2.1 na poziomie AA (kontrast, mo\u017cliwo\u015b\u0107 powi\u0119kszania tekstu)<\/li>\n\n\n\n<li>zak\u0142adka zawieraj\u0105ca deklaracj\u0119 dost\u0119pno\u015bci<\/li>\n\n\n\n<li>prosta struktura i jasny j\u0119zyk (kr\u00f3tkie zdania, brak \u017cargonu)<\/li>\n\n\n\n<li>wersja \u201e\u0142atwa do czytania\u201d (ETR \u2013 Easy to Read) dla opiekun\u00f3w i os\u00f3b we wczesnym stadium choroby<\/li>\n\n\n\n<li>tekstowe alternatywy (opisy) do zdj\u0119\u0107 i grafik<\/li>\n\n\n\n<li>nagrania audio z podstawowymi informacjami (dla opiekun\u00f3w-senior\u00f3w)<\/li>\n\n\n\n<li>brak materia\u0142\u00f3w opartych wy\u0142\u0105cznie na obrazie bez opisu<\/li>\n<\/ul>\n\n\n\n<h2 class=\"wp-block-heading\">Kontakt i komunikacja cyfrowa<\/h2>\n\n\n\n<ul class=\"wp-block-list\">\n<li>mo\u017cliwo\u015b\u0107 kontaktu nie tylko telefonicznie, ale te\u017c poprzez: e-mail, SMS, telefon<\/li>\n\n\n\n<li>szybkie odpowiedzi na wszelkie zapytania (zgodnie z ustaw\u0105 \u2013 do 7 dni)<\/li>\n<\/ul>\n\n\n\n<h2 class=\"wp-block-heading\">Dostosowanie tre\u015bci do specyfiki choroby Alzheimera<\/h2>\n\n\n\n<p>Ponadto tre\u015bci s\u0105 zawsze dostosowywane do specyfiki choroby Alzheimera:<\/p>\n\n\n\n<ul class=\"wp-block-list\">\n<li>brak nadmiaru informacji na jednej stronie<\/li>\n\n\n\n<li>powtarzalne uk\u0142ady stron (u\u0142atwiaj\u0105 orientacj\u0119)<\/li>\n\n\n\n<li>piktogramy i symbole wspieraj\u0105ce zrozumienie<\/li>\n\n\n\n<li>komunikaty uspokajaj\u0105ce<\/li>\n\n\n\n<li>brak presji czasu<\/li>\n<\/ul>\n\n\n\n<h2 class=\"wp-block-heading\">Dost\u0119pno\u015b\u0107 profilu w mediach spo\u0142eczno\u015bciowych<\/h2>\n\n\n\n<p>R\u00f3wnie\u017c profil Stowarzyszenia prowadzony na platformie Facebook jest dost\u0119pny cyfrowo \u2013 zgodny z zasadami WCAG.<\/p>\n\n\n\n<ul class=\"wp-block-list\">\n<li>publikowane tre\u015bci graficzne zawsze z dodanym tekstem alternatywnym do zdj\u0119\u0107<\/li>\n\n\n\n<li>unikanie grafik z du\u017c\u0105 ilo\u015bci\u0105 drobnego tekstu<\/li>\n\n\n\n<li>dba\u0142o\u015b\u0107 o wysoki kontrast, czyli ciemny tekst na jasnym tle<\/li>\n\n\n\n<li>w publikacjach film\u00f3w unikanie migaj\u0105cych efekt\u00f3w oraz jasny i spokojny przekaz<\/li>\n\n\n\n<li>w postach pos\u0142ugiwanie si\u0119 prostym, zrozumia\u0142ym j\u0119zykiem, kr\u00f3tkimi zdaniami, unikanie skr\u00f3t\u00f3w i specjalistycznego \u017cargonu<\/li>\n\n\n\n<li>struktura post\u00f3w sk\u0142ada si\u0119 zawsze z logicznych akapit\u00f3w i wypunktowa\u0144, a najwa\u017cniejsza informacja jest na pocz\u0105tku<\/li>\n<\/ul>\n\n\n\n<p><\/p>\n\n\n\n<p><\/p>\n","protected":false},"excerpt":{"rendered":"<p>P\u0142ockie Stowarzyszenie Pomocy Osobom z Chorob\u0105 Alzheimera jako realizator zapewnia dost\u0119pno\u015b\u0107 cyfrow\u0105 informacji dotycz\u0105cych zadania publicznego poprzez stopniowe dostosowanie strony internetowej do wymog\u00f3w WCAG 2.1 oraz udost\u0119pnianie tre\u015bci w alternatywnych formach na wniosek odbiorcy.W razie potrzeby odbiorca mo\u017ce skorzysta\u0107 z poczty e-mail, telefonu czy dokument\u00f3w tekstowych. Dzia\u0142ania podj\u0119te przez Stowarzyszenie Kontakt i komunikacja cyfrowa Dostosowanie [&hellip;]<\/p>\n","protected":false},"author":1,"featured_media":0,"parent":0,"menu_order":0,"comment_status":"closed","ping_status":"closed","template":"","meta":{"footnotes":""},"class_list":["post-4663","page","type-page","status-publish","hentry"],"yoast_head":"<!-- This site is optimized with the Yoast SEO plugin v26.7 - https:\/\/yoast.com\/wordpress\/plugins\/seo\/ -->\n<title>Deklaracja dost\u0119pno\u015bci - P\u0142ockie Stowarzyszenie Pomocy Osobom z Chorob\u0105 Alzheimera<\/title>\n<meta name=\"robots\" content=\"index, follow, max-snippet:-1, max-image-preview:large, max-video-preview:-1\" \/>\n<link rel=\"canonical\" href=\"http:\/\/alzheimerplock.pl\/?page_id=4663\" \/>\n<meta property=\"og:locale\" content=\"pl_PL\" \/>\n<meta property=\"og:type\" content=\"article\" \/>\n<meta property=\"og:title\" content=\"Deklaracja dost\u0119pno\u015bci - P\u0142ockie Stowarzyszenie Pomocy Osobom z Chorob\u0105 Alzheimera\" \/>\n<meta property=\"og:description\" content=\"P\u0142ockie Stowarzyszenie Pomocy Osobom z Chorob\u0105 Alzheimera jako realizator zapewnia dost\u0119pno\u015b\u0107 cyfrow\u0105 informacji dotycz\u0105cych zadania publicznego poprzez stopniowe dostosowanie strony internetowej do wymog\u00f3w WCAG 2.1 oraz udost\u0119pnianie tre\u015bci w alternatywnych formach na wniosek odbiorcy.W razie potrzeby odbiorca mo\u017ce skorzysta\u0107 z poczty e-mail, telefonu czy dokument\u00f3w tekstowych. Dzia\u0142ania podj\u0119te przez Stowarzyszenie Kontakt i komunikacja cyfrowa Dostosowanie [&hellip;]\" \/>\n<meta property=\"og:url\" content=\"http:\/\/alzheimerplock.pl\/?page_id=4663\" \/>\n<meta property=\"og:site_name\" content=\"P\u0142ockie Stowarzyszenie Pomocy Osobom z Chorob\u0105 Alzheimera\" \/>\n<meta property=\"article:modified_time\" content=\"2026-01-15T21:19:13+00:00\" \/>\n<meta name=\"twitter:card\" content=\"summary_large_image\" \/>\n<meta name=\"twitter:label1\" content=\"Szacowany czas czytania\" \/>\n\t<meta name=\"twitter:data1\" content=\"2 minuty\" \/>\n<script type=\"application\/ld+json\" class=\"yoast-schema-graph\">{\"@context\":\"https:\/\/schema.org\",\"@graph\":[{\"@type\":\"WebPage\",\"@id\":\"http:\/\/alzheimerplock.pl\/?page_id=4663\",\"url\":\"http:\/\/alzheimerplock.pl\/?page_id=4663\",\"name\":\"Deklaracja dost\u0119pno\u015bci - P\u0142ockie Stowarzyszenie Pomocy Osobom z Chorob\u0105 Alzheimera\",\"isPartOf\":{\"@id\":\"http:\/\/alzheimerplock.pl\/#website\"},\"datePublished\":\"2026-01-15T20:45:24+00:00\",\"dateModified\":\"2026-01-15T21:19:13+00:00\",\"breadcrumb\":{\"@id\":\"http:\/\/alzheimerplock.pl\/?page_id=4663#breadcrumb\"},\"inLanguage\":\"pl-PL\",\"potentialAction\":[{\"@type\":\"ReadAction\",\"target\":[\"http:\/\/alzheimerplock.pl\/?page_id=4663\"]}]},{\"@type\":\"BreadcrumbList\",\"@id\":\"http:\/\/alzheimerplock.pl\/?page_id=4663#breadcrumb\",\"itemListElement\":[{\"@type\":\"ListItem\",\"position\":1,\"name\":\"Strona g\u0142\u00f3wna\",\"item\":\"http:\/\/alzheimerplock.pl\/\"},{\"@type\":\"ListItem\",\"position\":2,\"name\":\"Deklaracja dost\u0119pno\u015bci\"}]},{\"@type\":\"WebSite\",\"@id\":\"http:\/\/alzheimerplock.pl\/#website\",\"url\":\"http:\/\/alzheimerplock.pl\/\",\"name\":\"P\u0142ockie Stowarzyszenie Pomocy Osobom z Chorob\u0105 Alzheimera\",\"description\":\"Alzheimer P\u0142ock\",\"publisher\":{\"@id\":\"http:\/\/alzheimerplock.pl\/#organization\"},\"potentialAction\":[{\"@type\":\"SearchAction\",\"target\":{\"@type\":\"EntryPoint\",\"urlTemplate\":\"http:\/\/alzheimerplock.pl\/?s={search_term_string}\"},\"query-input\":{\"@type\":\"PropertyValueSpecification\",\"valueRequired\":true,\"valueName\":\"search_term_string\"}}],\"inLanguage\":\"pl-PL\"},{\"@type\":\"Organization\",\"@id\":\"http:\/\/alzheimerplock.pl\/#organization\",\"name\":\"P\u0142ockie Stowarzyszenie Pomocy Osobom z Chorob\u0105 Alzheimera\",\"url\":\"http:\/\/alzheimerplock.pl\/\",\"logo\":{\"@type\":\"ImageObject\",\"inLanguage\":\"pl-PL\",\"@id\":\"http:\/\/alzheimerplock.pl\/#\/schema\/logo\/image\/\",\"url\":\"http:\/\/alzheimerplock.pl\/wp-content\/uploads\/2020\/12\/logo_dark.png\",\"contentUrl\":\"http:\/\/alzheimerplock.pl\/wp-content\/uploads\/2020\/12\/logo_dark.png\",\"width\":164,\"height\":100,\"caption\":\"P\u0142ockie Stowarzyszenie Pomocy Osobom z Chorob\u0105 Alzheimera\"},\"image\":{\"@id\":\"http:\/\/alzheimerplock.pl\/#\/schema\/logo\/image\/\"}}]}<\/script>\n<!-- \/ Yoast SEO plugin. -->","yoast_head_json":{"title":"Deklaracja dost\u0119pno\u015bci - P\u0142ockie Stowarzyszenie Pomocy Osobom z Chorob\u0105 Alzheimera","robots":{"index":"index","follow":"follow","max-snippet":"max-snippet:-1","max-image-preview":"max-image-preview:large","max-video-preview":"max-video-preview:-1"},"canonical":"http:\/\/alzheimerplock.pl\/?page_id=4663","og_locale":"pl_PL","og_type":"article","og_title":"Deklaracja dost\u0119pno\u015bci - P\u0142ockie Stowarzyszenie Pomocy Osobom z Chorob\u0105 Alzheimera","og_description":"P\u0142ockie Stowarzyszenie Pomocy Osobom z Chorob\u0105 Alzheimera jako realizator zapewnia dost\u0119pno\u015b\u0107 cyfrow\u0105 informacji dotycz\u0105cych zadania publicznego poprzez stopniowe dostosowanie strony internetowej do wymog\u00f3w WCAG 2.1 oraz udost\u0119pnianie tre\u015bci w alternatywnych formach na wniosek odbiorcy.W razie potrzeby odbiorca mo\u017ce skorzysta\u0107 z poczty e-mail, telefonu czy dokument\u00f3w tekstowych. Dzia\u0142ania podj\u0119te przez Stowarzyszenie Kontakt i komunikacja cyfrowa Dostosowanie [&hellip;]","og_url":"http:\/\/alzheimerplock.pl\/?page_id=4663","og_site_name":"P\u0142ockie Stowarzyszenie Pomocy Osobom z Chorob\u0105 Alzheimera","article_modified_time":"2026-01-15T21:19:13+00:00","twitter_card":"summary_large_image","twitter_misc":{"Szacowany czas czytania":"2 minuty"},"schema":{"@context":"https:\/\/schema.org","@graph":[{"@type":"WebPage","@id":"http:\/\/alzheimerplock.pl\/?page_id=4663","url":"http:\/\/alzheimerplock.pl\/?page_id=4663","name":"Deklaracja dost\u0119pno\u015bci - P\u0142ockie Stowarzyszenie Pomocy Osobom z Chorob\u0105 Alzheimera","isPartOf":{"@id":"http:\/\/alzheimerplock.pl\/#website"},"datePublished":"2026-01-15T20:45:24+00:00","dateModified":"2026-01-15T21:19:13+00:00","breadcrumb":{"@id":"http:\/\/alzheimerplock.pl\/?page_id=4663#breadcrumb"},"inLanguage":"pl-PL","potentialAction":[{"@type":"ReadAction","target":["http:\/\/alzheimerplock.pl\/?page_id=4663"]}]},{"@type":"BreadcrumbList","@id":"http:\/\/alzheimerplock.pl\/?page_id=4663#breadcrumb","itemListElement":[{"@type":"ListItem","position":1,"name":"Strona g\u0142\u00f3wna","item":"http:\/\/alzheimerplock.pl\/"},{"@type":"ListItem","position":2,"name":"Deklaracja dost\u0119pno\u015bci"}]},{"@type":"WebSite","@id":"http:\/\/alzheimerplock.pl\/#website","url":"http:\/\/alzheimerplock.pl\/","name":"P\u0142ockie Stowarzyszenie Pomocy Osobom z Chorob\u0105 Alzheimera","description":"Alzheimer P\u0142ock","publisher":{"@id":"http:\/\/alzheimerplock.pl\/#organization"},"potentialAction":[{"@type":"SearchAction","target":{"@type":"EntryPoint","urlTemplate":"http:\/\/alzheimerplock.pl\/?s={search_term_string}"},"query-input":{"@type":"PropertyValueSpecification","valueRequired":true,"valueName":"search_term_string"}}],"inLanguage":"pl-PL"},{"@type":"Organization","@id":"http:\/\/alzheimerplock.pl\/#organization","name":"P\u0142ockie Stowarzyszenie Pomocy Osobom z Chorob\u0105 Alzheimera","url":"http:\/\/alzheimerplock.pl\/","logo":{"@type":"ImageObject","inLanguage":"pl-PL","@id":"http:\/\/alzheimerplock.pl\/#\/schema\/logo\/image\/","url":"http:\/\/alzheimerplock.pl\/wp-content\/uploads\/2020\/12\/logo_dark.png","contentUrl":"http:\/\/alzheimerplock.pl\/wp-content\/uploads\/2020\/12\/logo_dark.png","width":164,"height":100,"caption":"P\u0142ockie Stowarzyszenie Pomocy Osobom z Chorob\u0105 Alzheimera"},"image":{"@id":"http:\/\/alzheimerplock.pl\/#\/schema\/logo\/image\/"}}]}},"_links":{"self":[{"href":"http:\/\/alzheimerplock.pl\/index.php?rest_route=\/wp\/v2\/pages\/4663","targetHints":{"allow":["GET"]}}],"collection":[{"href":"http:\/\/alzheimerplock.pl\/index.php?rest_route=\/wp\/v2\/pages"}],"about":[{"href":"http:\/\/alzheimerplock.pl\/index.php?rest_route=\/wp\/v2\/types\/page"}],"author":[{"embeddable":true,"href":"http:\/\/alzheimerplock.pl\/index.php?rest_route=\/wp\/v2\/users\/1"}],"replies":[{"embeddable":true,"href":"http:\/\/alzheimerplock.pl\/index.php?rest_route=%2Fwp%2Fv2%2Fcomments&post=4663"}],"version-history":[{"count":3,"href":"http:\/\/alzheimerplock.pl\/index.php?rest_route=\/wp\/v2\/pages\/4663\/revisions"}],"predecessor-version":[{"id":4670,"href":"http:\/\/alzheimerplock.pl\/index.php?rest_route=\/wp\/v2\/pages\/4663\/revisions\/4670"}],"wp:attachment":[{"href":"http:\/\/alzheimerplock.pl\/index.php?rest_route=%2Fwp%2Fv2%2Fmedia&parent=4663"}],"curies":[{"name":"wp","href":"https:\/\/api.w.org\/{rel}","templated":true}]}}